[Sun Jan 15 15:57:27.164804 2023] [cgid:error] [pid 94408:tid 22728049121024] [client 154.89.5.43:42204] AH01264: script not found or unable to stat: /usr/local/cpanel/cgi-sys/favicon.ico
[Sun Jan 15 16:56:39.980053 2023] [proxy_fcgi:error] [pid 94409:tid 22727958193920] [client 5.101.157.87:60517] AH01071: Got error 'Primary script unknown'
[Sun Jan 15 21:56:13.046849 2023] [mpm_event:notice] [pid 1566:tid 22728341638336] AH00493: SIGUSR1 received. Doing graceful restart
[Sun Jan 15 21:56:13.080345 2023] [:notice] [pid 94402:tid 22728341638336] [host 182.49.167.72.host.secureserver.net] mod_lsapi: Selfstarter 94402 stopped
[Sun Jan 15 21:56:13.113960 2023] [lsapi:notice] [pid 1566:tid 22728341638336] mod_lsapi: version 1.1-34
[Sun Jan 15 21:56:13.120809 2023] [:notice] [pid 192377:tid 22728341638336] [host 182.49.167.72.host.secureserver.net] mod_lsapi: Selfstarter 192377 started
[Sun Jan 15 21:56:13.128115 2023] [http2:info] [pid 1566:tid 22728341638336] AH03090: mod_http2 (v1.15.28, feats=CHPRIO+SHA256+INVHD+DWINS, nghttp2 1.49.0), initializing...
[Sun Jan 15 21:56:13.128293 2023] [mpm_event:notice] [pid 1566:tid 22728341638336] AH00489: Apache/2.4.54 (cPanel) OpenSSL/1.1.1k mod_bwlimited/1.4 configured -- resuming normal operations
[Sun Jan 15 21:56:13.128302 2023] [core:notice] [pid 1566:tid 22728341638336] AH00094: Command line: '/usr/sbin/httpd'
[Sun Jan 15 21:57:08.231791 2023] [proxy_fcgi:error] [pid 192381:tid 22728036513536] [client 178.62.221.40:47906] AH01071: Got error 'Primary script unknown'
[Sun Jan 15 21:57:09.128139 2023] [proxy_fcgi:error] [pid 192383:tid 22727953991424] [client 172.104.249.218:36562] AH01071: Got error 'Primary script unknown'
[Sun Jan 15 21:57:11.367188 2023] [proxy_fcgi:error] [pid 192381:tid 22727937181440] [client 178.62.221.40:39454] AH01071: Got error 'Primary script unknown'
[Sun Jan 15 21:57:12.183727 2023] [proxy_fcgi:error] [pid 192384:tid 22728044918528] [client 172.104.249.218:39526] AH01071: Got error 'Primary script unknown'
[Sun Jan 15 22:26:49.462268 2023] [proxy_fcgi:error] [pid 192384:tid 22727935080192] [client 5.128.77.57:59572] AH01071: Got error 'Primary script unknown'
[Sun Jan 15 22:26:51.998449 2023] [proxy_fcgi:error] [pid 192384:tid 22728040716032] [client 5.128.77.57:59572] AH01071: Got error 'Primary script unknown', referer: http://drillcompany.com.mx/accesson.php
[Sun Jan 15 22:26:52.311848 2023] [proxy_fcgi:error] [pid 192384:tid 22728044918528] [client 5.128.77.57:59572] AH01071: Got error 'Primary script unknown', referer: http://drillcompany.com.mx/9cd17d8274df.php
[Sun Jan 15 22:26:52.826330 2023] [proxy_fcgi:error] [pid 192384:tid 22728038614784] [client 5.128.77.57:59572] AH01071: Got error 'Primary script unknown', referer: http://drillcompany.com.mx/style.php?sig=shell519&file_name=9cd17d8274df.php&domain=46osago.ru&shell_file=accesson20
[Sun Jan 15 22:26:53.153592 2023] [proxy_fcgi:error] [pid 192384:tid 22728047019776] [client 5.128.77.57:59572] AH01071: Got error 'Primary script unknown', referer: http://drillcompany.com.mx/style.php?sig=beima&level=0&domain=46osago.ru&shell_file=accesson20&file_name=9cd17d8274df.php
[Sun Jan 15 22:26:53.706622 2023] [proxy_fcgi:error] [pid 192384:tid 22728036513536] [client 5.128.77.57:59572] AH01071: Got error 'Primary script unknown', referer: http://drillcompany.com.mx/style.php?sig=plan_task&domain=46osago.ru
[Sun Jan 15 22:26:55.680992 2023] [proxy_fcgi:error] [pid 192384:tid 22728032311040] [client 5.128.77.57:59572] AH01071: Got error 'Primary script unknown', referer: http://drillcompany.com.mx/wp-admin/9cd17d8274df.php
[Sun Jan 15 22:26:55.997924 2023] [proxy_fcgi:error] [pid 192384:tid 22727953991424] [client 5.128.77.57:59572] AH01071: Got error 'Primary script unknown', referer: http://drillcompany.com.mx/accesson.php
[Mon Jan 16 01:41:06.157156 2023] [proxy_fcgi:error] [pid 192381:tid 22727935080192] [client 5.188.86.198:39644] AH01071: Got error 'Primary script unknown'
[Mon Jan 16 02:03:34.911265 2023] [proxy_fcgi:error] [pid 192381:tid 22727951890176] [client 5.188.159.171:41304] AH01071: Got error 'Primary script unknown'
[Mon Jan 16 02:54:42.764480 2023] [proxy_fcgi:error] [pid 192381:tid 22728049121024] [client 128.199.81.122:37336] AH01071: Got error 'Primary script unknown'
[Mon Jan 16 02:54:42.792455 2023] [proxy_fcgi:error] [pid 192385:tid 22727951890176] [client 128.199.81.122:37338] AH01071: Got error 'Primary script unknown'
[Mon Jan 16 06:11:19.046782 2023] [proxy_fcgi:error] [pid 192385:tid 22727956092672] [client 137.184.147.218:23450] AH01071: Got error 'Primary script unknown'
[Mon Jan 16 06:59:57.208411 2023] [proxy_fcgi:error] [pid 192381:tid 22728042817280] [client 36.91.100.149:56344] AH01071: Got error 'Primary script unknown'
[Mon Jan 16 09:33:44.498121 2023] [proxy_fcgi:error] [pid 192381:tid 22728040716032] [client 86.106.181.11:50648] AH01071: Got error 'Primary script unknown'
[Mon Jan 16 10:19:02.681791 2023] [cgid:error] [pid 192381:tid 22728038614784] [client 103.41.26.140:64529] AH01264: script not found or unable to stat: /var/www/html/setup.cgi
[Mon Jan 16 10:42:09.417712 2023] [proxy_fcgi:error] [pid 192381:tid 22727956092672] [client 103.162.31.237:53594] AH01071: Got error 'Primary script unknown'
[Mon Jan 16 15:39:13.842568 2023] [proxy_http:error] [pid 192385:tid 22727951890176] (20014)Internal error (specific information not available): [client 45.33.108.82:41458] AH01102: error reading status line from remote server 127.0.0.1:2082
[Mon Jan 16 15:39:13.843355 2023] [proxy:error] [pid 192385:tid 22727951890176] [client 45.33.108.82:41458] AH00898: Error reading from remote server returned by /___proxy_subdomain_cpanel/telescope/requests
[Mon Jan 16 15:39:14.291953 2023] [proxy_fcgi:error] [pid 192381:tid 22728042817280] [client 164.92.224.29:34520] AH01071: Got error 'Primary script unknown'
[Mon Jan 16 15:39:17.565929 2023] [proxy_fcgi:error] [pid 192381:tid 22727935080192] [client 164.92.224.29:48938] AH01071: Got error 'Primary script unknown'
[Mon Jan 16 16:08:18.908879 2023] [mpm_event:notice] [pid 1566:tid 22728341638336] AH00493: SIGUSR1 received. Doing graceful restart
[Mon Jan 16 16:08:22.916117 2023] [:notice] [pid 192377:tid 22728341638336] [host 182.49.167.72.host.secureserver.net] mod_lsapi: Selfstarter 192377 stopped
[Mon Jan 16 16:08:22.932899 2023] [lsapi:notice] [pid 1566:tid 22728341638336] mod_lsapi: version 1.1-34
[Mon Jan 16 16:08:22.938466 2023] [http2:info] [pid 1566:tid 22728341638336] AH03090: mod_http2 (v1.15.28, feats=CHPRIO+SHA256+INVHD+DWINS, nghttp2 1.49.0), initializing...
[Mon Jan 16 16:08:22.938591 2023] [mpm_event:notice] [pid 1566:tid 22728341638336] AH00489: Apache/2.4.54 (cPanel) OpenSSL/1.1.1k mod_bwlimited/1.4 configured -- resuming normal operations
[Mon Jan 16 16:08:22.938605 2023] [core:notice] [pid 1566:tid 22728341638336] AH00094: Command line: '/usr/sbin/httpd'
[Mon Jan 16 16:08:22.947224 2023] [:notice] [pid 265294:tid 22728341638336] [host 182.49.167.72.host.secureserver.net] mod_lsapi: Selfstarter 265294 started
[Mon Jan 16 16:08:23.914781 2023] [http2:warn] [pid 192382:tid 22728341638336] AH10291: h2_workers: cleanup, 1 idle workers did not exit after 5 seconds.
[Mon Jan 16 19:36:20.496032 2023] [proxy_fcgi:error] [pid 265511:tid 22728047019776] [client 185.78.119.131:52188] AH01071: Got error 'Primary script unknown'
[Mon Jan 16 19:36:21.944167 2023] [proxy_fcgi:error] [pid 265511:tid 22728044918528] [client 185.78.119.131:52188] AH01071: Got error 'Primary script unknown', referer: http://drillcompany.com.mx/accesson.php
[Mon Jan 16 19:36:23.037348 2023] [proxy_fcgi:error] [pid 265511:tid 22728042817280] [client 185.78.119.131:52188] AH01071: Got error 'Primary script unknown', referer: http://drillcompany.com.mx/9cd17d8274df.php
[Mon Jan 16 19:36:23.677673 2023] [proxy_fcgi:error] [pid 265511:tid 22728040716032] [client 185.78.119.131:52188] AH01071: Got error 'Primary script unknown', referer: http://drillcompany.com.mx/style.php?sig=shell519&file_name=9cd17d8274df.php&domain=46osago.ru&shell_file=accesson20
[Mon Jan 16 19:36:25.029590 2023] [proxy_fcgi:error] [pid 265511:tid 22728036513536] [client 185.78.119.131:52188] AH01071: Got error 'Primary script unknown', referer: http://drillcompany.com.mx/style.php?sig=beima&level=0&domain=46osago.ru&shell_file=accesson20&file_name=9cd17d8274df.php
[Mon Jan 16 19:36:25.660703 2023] [proxy_fcgi:error] [pid 265511:tid 22728038614784] [client 185.78.119.131:52188] AH01071: Got error 'Primary script unknown', referer: http://drillcompany.com.mx/style.php?sig=plan_task&domain=46osago.ru
[Mon Jan 16 19:36:28.655615 2023] [proxy_fcgi:error] [pid 265511:tid 22727154988800] [client 185.78.119.131:52188] AH01071: Got error 'Primary script unknown', referer: http://drillcompany.com.mx/wp-admin/9cd17d8274df.php
[Mon Jan 16 19:36:30.308833 2023] [proxy_fcgi:error] [pid 265511:tid 22727148685056] [client 185.78.119.131:52188] AH01071: Got error 'Primary script unknown', referer: http://drillcompany.com.mx/accesson.php
[Mon Jan 16 19:46:30.057509 2023] [proxy_fcgi:error] [pid 265511:tid 22728047019776] [client 185.192.69.216:10983] AH01071: Got error 'Primary script unknown'
[Mon Jan 16 20:09:13.008943 2023] [mpm_event:notice] [pid 1566:tid 22728341638336] AH00493: SIGUSR1 received. Doing graceful restart
[Mon Jan 16 20:09:13.051119 2023] [:notice] [pid 265294:tid 22728341638336] [host 182.49.167.72.host.secureserver.net] mod_lsapi: Selfstarter 265294 stopped
[Mon Jan 16 20:09:13.071937 2023] [lsapi:notice] [pid 1566:tid 22728341638336] mod_lsapi: version 1.1-34
[Mon Jan 16 20:09:13.077277 2023] [http2:info] [pid 1566:tid 22728341638336] AH03090: mod_http2 (v1.15.28, feats=CHPRIO+SHA256+INVHD+DWINS, nghttp2 1.49.0), initializing...
[Mon Jan 16 20:09:13.077368 2023] [:notice] [pid 283478:tid 22728341638336] [host 182.49.167.72.host.secureserver.net] mod_lsapi: Selfstarter 283478 started
[Mon Jan 16 20:09:13.077393 2023] [mpm_event:notice] [pid 1566:tid 22728341638336] AH00489: Apache/2.4.54 (cPanel) OpenSSL/1.1.1k mod_bwlimited/1.4 configured -- resuming normal operations
[Mon Jan 16 20:09:13.077399 2023] [core:notice] [pid 1566:tid 22728341638336] AH00094: Command line: '/usr/sbin/httpd'
[Mon Jan 16 20:14:09.258290 2023] [proxy_fcgi:error] [pid 283485:tid 22727935080192] [client 18.133.60.229:37084] AH01071: Got error 'Primary script unknown'
[Mon Jan 16 20:54:58.419965 2023] [proxy_fcgi:error] [pid 283485:tid 22727960295168] [client 23.95.173.12:34818] AH01071: Got error 'Primary script unknown'
[Mon Jan 16 22:11:36.719472 2023] [proxy_fcgi:error] [pid 283485:tid 22728032311040] [client 36.91.100.149:45018] AH01071: Got error 'Primary script unknown'
[Mon Jan 16 23:21:21.675938 2023] [proxy_fcgi:error] [pid 283485:tid 22727937181440] [client 5.188.86.198:47284] AH01071: Got error 'Primary script unknown'
[Mon Jan 16 23:23:10.712844 2023] [proxy_fcgi:error] [pid 283485:tid 22727943485184] [client 91.121.80.103:55297] AH01071: Got error 'Primary script unknown'
[Mon Jan 16 23:32:21.768470 2023] [proxy_fcgi:error] [pid 283485:tid 22727945586432] [client 91.121.80.103:59661] AH01071: Got error 'Primary script unknown'
[Tue Jan 17 00:00:31.611104 2023] [proxy_fcgi:error] [pid 283485:tid 22728040716032] [client 103.162.31.237:23012] AH01071: Got error 'Primary script unknown'
[Tue Jan 17 00:50:13.030499 2023] [ssl:error] [pid 283483:tid 22728042817280] (70007)The timeout specified has expired: [client 154.89.5.42:47806] AH01977: failed reading line from OCSP server
[Tue Jan 17 00:50:13.030575 2023] [ssl:error] [pid 283483:tid 22728042817280] [client 154.89.5.42:47806] AH01980: bad response from OCSP server: (none)
[Tue Jan 17 00:50:13.030668 2023] [ssl:error] [pid 283483:tid 22728042817280] AH01941: stapling_renew_response: responder error
[Tue Jan 17 00:59:17.246188 2023] [proxy_fcgi:error] [pid 283485:tid 22727943485184] [client 161.189.7.105:58350] AH01071: Got error 'Primary script unknown'
[Tue Jan 17 03:20:01.064240 2023] [proxy_fcgi:error] [pid 283483:tid 22727956092672] [client 47.88.78.84:35181] AH01071: Got error 'Primary script unknown'
[Tue Jan 17 03:20:07.412016 2023] [proxy_fcgi:error] [pid 283485:tid 22727947687680] [client 47.88.78.84:33857] AH01071: Got error 'Primary script unknown'
[Tue Jan 17 03:33:34.121381 2023] [proxy_fcgi:error] [pid 283485:tid 22727949788928] [client 47.88.78.84:47276] AH01071: Got error 'Primary script unknown'
[Tue Jan 17 05:31:17.067684 2023] [proxy_fcgi:error] [pid 283485:tid 22727949788928] [client 185.114.245.109:49282] AH01071: Got error 'Primary script unknown'
[Tue Jan 17 06:17:12.426960 2023] [proxy_fcgi:error] [pid 283485:tid 22727939282688] [client 67.227.228.177:46986] AH01071: Got error 'Primary script unknown'
[Tue Jan 17 06:30:05.618918 2023] [proxy_fcgi:error] [pid 283485:tid 22728049121024] [client 159.223.38.74:50200] AH01071: Got error 'Primary script unknown', referer: http://drillcompany.com.mx
[Tue Jan 17 08:38:40.662806 2023] [proxy_fcgi:error] [pid 283482:tid 22727953991424] [client 152.32.172.230:35070] AH01071: Got error 'Primary script unknown', referer: https://72.167.49.182/reg.php
[Tue Jan 17 08:38:42.322279 2023] [proxy_fcgi:error] [pid 283482:tid 22727945586432] [client 152.32.172.230:36050] AH01071: Got error 'Primary script unknown', referer: https://72.167.49.182/waplogin.php
[Tue Jan 17 08:38:43.038606 2023] [proxy_fcgi:error] [pid 283482:tid 22727960295168] [client 152.32.172.230:36050] AH01071: Got error 'Primary script unknown', referer: https://72.167.49.182/index.php/sign
[Tue Jan 17 08:38:49.851410 2023] [proxy_fcgi:error] [pid 283482:tid 22728034412288] [client 152.32.172.230:36050] AH01071: Got error 'Primary script unknown', referer: https://72.167.49.182/index.php/User/sendsmscode
[Tue Jan 17 08:38:50.389604 2023] [proxy_fcgi:error] [pid 283481:tid 22727937181440] [client 152.32.172.230:34948] AH01071: Got error 'Primary script unknown', referer: https://72.167.49.182/index.php/Wap/Api/getBanner
[Tue Jan 17 08:38:56.435677 2023] [proxy_fcgi:error] [pid 283482:tid 22728047019776] [client 152.32.172.230:36050] AH01071: Got error 'Primary script unknown', referer: https://72.167.49.182/index.php/Wap/Api/getSystemNotice?id=1
[Tue Jan 17 08:39:06.724924 2023] [proxy_fcgi:error] [pid 283481:tid 22727941383936] [client 152.32.172.230:34962] AH01071: Got error 'Primary script unknown', referer: https://72.167.49.182/index.php?m=api&c=app&a=getPlatformConfig
[Tue Jan 17 08:39:12.371339 2023] [proxy_fcgi:error] [pid 283481:tid 22727960295168] [client 152.32.172.230:46304] AH01071: Got error 'Primary script unknown', referer: https://72.167.49.182/leftDao.php?callback=jQuery183016740860980352856_1604309800583
[Tue Jan 17 10:09:05.500357 2023] [proxy_fcgi:error] [pid 283482:tid 22728053323520] [client 31.31.65.148:52780] AH01071: Got error 'Primary script unknown'
[Tue Jan 17 10:09:05.837572 2023] [proxy_fcgi:error] [pid 283482:tid 22728051222272] [client 31.31.65.148:52780] AH01071: Got error 'Primary script unknown', referer: http://drillcompany.com.mx/accesson.php
[Tue Jan 17 10:09:06.282345 2023] [proxy_fcgi:error] [pid 283482:tid 22727935080192] [client 31.31.65.148:52780] AH01071: Got error 'Primary script unknown', referer: http://drillcompany.com.mx/9cd17d8274df.php
[Tue Jan 17 10:09:06.702927 2023] [proxy_fcgi:error] [pid 283482:tid 22727937181440] [client 31.31.65.148:52780] AH01071: Got error 'Primary script unknown', referer: http://drillcompany.com.mx/style.php?sig=shell519&file_name=9cd17d8274df.php&domain=46osago.ru&shell_file=accesson20
[Tue Jan 17 10:09:06.986454 2023] [proxy_fcgi:error] [pid 283482:tid 22727939282688] [client 31.31.65.148:52780] AH01071: Got error 'Primary script unknown', referer: http://drillcompany.com.mx/style.php?sig=beima&level=0&domain=46osago.ru&shell_file=accesson20&file_name=9cd17d8274df.php
[Tue Jan 17 10:09:07.327318 2023] [proxy_fcgi:error] [pid 283482:tid 22727941383936] [client 31.31.65.148:52780] AH01071: Got error 'Primary script unknown', referer: http://drillcompany.com.mx/style.php?sig=plan_task&domain=46osago.ru
[Tue Jan 17 10:09:12.060181 2023] [proxy_fcgi:error] [pid 283482:tid 22727943485184] [client 31.31.65.148:52780] AH01071: Got error 'Primary script unknown', referer: http://drillcompany.com.mx/wp-admin/9cd17d8274df.php
[Tue Jan 17 10:09:12.363970 2023] [proxy_fcgi:error] [pid 283482:tid 22727951890176] [client 31.31.65.148:52780] AH01071: Got error 'Primary script unknown', referer: http://drillcompany.com.mx/accesson.php
[Tue Jan 17 11:11:09.182097 2023] [ssl:error] [pid 283485:tid 22728053323520] (70007)The timeout specified has expired: [client 173.255.230.187:40538] AH01977: failed reading line from OCSP server
[Tue Jan 17 11:11:09.182152 2023] [ssl:error] [pid 283485:tid 22728053323520] [client 173.255.230.187:40538] AH01980: bad response from OCSP server: (none)
[Tue Jan 17 11:11:09.182249 2023] [ssl:error] [pid 283485:tid 22728053323520] AH01941: stapling_renew_response: responder error
[Tue Jan 17 14:30:16.934773 2023] [core:error] [pid 283483:tid 22727943485184] [client 152.89.196.211:51224] AH10244: invalid URI path (/cgi-bin/.%2e/.%2e/.%2e/.%2e/bin/sh)
[Tue Jan 17 14:50:26.634319 2023] [proxy_fcgi:error] [pid 283482:tid 22728047019776] [client 18.133.60.229:35000] AH01071: Got error 'Primary script unknown'
[Tue Jan 17 18:48:56.622618 2023] [proxy_fcgi:error] [pid 283485:tid 22727941383936] [client 173.239.204.40:19411] AH01071: Got error 'Primary script unknown'
[Tue Jan 17 18:50:26.600640 2023] [proxy_fcgi:error] [pid 283485:tid 22727935080192] [client 64.64.116.48:54987] AH01071: Got error 'Primary script unknown'
[Tue Jan 17 19:48:57.617592 2023] [ssl:error] [pid 283484:tid 22727945586432] (70007)The timeout specified has expired: [client 152.89.196.211:33046] AH01977: failed reading line from OCSP server
[Tue Jan 17 19:48:57.617648 2023] [ssl:error] [pid 283484:tid 22727945586432] [client 152.89.196.211:33046] AH01980: bad response from OCSP server: (none)
[Tue Jan 17 19:48:57.617732 2023] [ssl:error] [pid 283484:tid 22727945586432] AH01941: stapling_renew_response: responder error
[Tue Jan 17 20:50:51.533195 2023] [proxy_fcgi:error] [pid 283485:tid 22727951890176] [client 14.116.156.162:64160] AH01071: Got error 'Primary script unknown'
[Tue Jan 17 21:00:27.096489 2023] [proxy_fcgi:error] [pid 283483:tid 22728044918528] [client 152.89.196.211:47258] AH01071: Got error 'Primary script unknown'
[Tue Jan 17 22:27:16.306022 2023] [proxy_fcgi:error] [pid 283485:tid 22728042817280] [client 50.63.142.169:42002] AH01071: Got error 'Primary script unknown'
[Tue Jan 17 22:27:16.306087 2023] [proxy_fcgi:error] [pid 283481:tid 22727956092672] [client 50.63.142.169:42004] AH01071: Got error 'Primary script unknown'
[Tue Jan 17 23:07:35.252052 2023] [proxy_fcgi:error] [pid 283483:tid 22727935080192] [client 31.31.65.148:59374] AH01071: Got error 'Primary script unknown'
[Tue Jan 17 23:07:35.524870 2023] [proxy_fcgi:error] [pid 283483:tid 22727937181440] [client 31.31.65.148:59374] AH01071: Got error 'Primary script unknown', referer: http://drillcompany.com.mx/accesson.php
[Tue Jan 17 23:07:35.872509 2023] [proxy_fcgi:error] [pid 283483:tid 22727939282688] [client 31.31.65.148:59374] AH01071: Got error 'Primary script unknown', referer: http://drillcompany.com.mx/9cd17d8274df.php
[Tue Jan 17 23:07:36.151893 2023] [proxy_fcgi:error] [pid 283483:tid 22728051222272] [client 31.31.65.148:59374] AH01071: Got error 'Primary script unknown', referer: http://drillcompany.com.mx/style.php?sig=shell519&file_name=9cd17d8274df.php&domain=46osago.ru&shell_file=accesson20
[Tue Jan 17 23:07:36.380621 2023] [proxy_fcgi:error] [pid 283483:tid 22727943485184] [client 31.31.65.148:59374] AH01071: Got error 'Primary script unknown', referer: http://drillcompany.com.mx/style.php?sig=beima&level=0&domain=46osago.ru&shell_file=accesson20&file_name=9cd17d8274df.php
[Tue Jan 17 23:07:37.622816 2023] [proxy_fcgi:error] [pid 283483:tid 22727941383936] [client 31.31.65.148:59374] AH01071: Got error 'Primary script unknown', referer: http://drillcompany.com.mx/style.php?sig=plan_task&domain=46osago.ru
[Tue Jan 17 23:07:38.920147 2023] [proxy_fcgi:error] [pid 283483:tid 22727951890176] [client 31.31.65.148:59374] AH01071: Got error 'Primary script unknown', referer: http://drillcompany.com.mx/wp-admin/9cd17d8274df.php
[Tue Jan 17 23:07:39.138670 2023] [proxy_fcgi:error] [pid 283483:tid 22727956092672] [client 31.31.65.148:59374] AH01071: Got error 'Primary script unknown', referer: http://drillcompany.com.mx/accesson.php
[Wed Jan 18 00:12:07.648705 2023] [proxy_fcgi:error] [pid 283485:tid 22728044918528] [client 103.92.27.198:54058] AH01071: Got error 'Primary script unknown'
[Wed Jan 18 00:20:08.301259 2023] [mpm_event:notice] [pid 1566:tid 22728341638336] AH00491: caught SIGTERM, shutting down
[Wed Jan 18 00:20:08.342458 2023] [:notice] [pid 283478:tid 22728341638336] [host 182.49.167.72.host.secureserver.net] mod_lsapi: Selfstarter 283478 stopped
[Wed Jan 18 00:21:55.751068 2023] [:notice] [pid 1545:tid 22443468848320] ModSecurity for Apache/2.9.6 (http://www.modsecurity.org/) configured.
[Wed Jan 18 00:21:55.752503 2023] [:notice] [pid 1545:tid 22443468848320] ModSecurity: APR compiled version="1.7.0"; loaded version="1.7.0"
[Wed Jan 18 00:21:55.752521 2023] [:notice] [pid 1545:tid 22443468848320] ModSecurity: PCRE compiled version="8.42 "; loaded version="8.42 2018-03-20"
[Wed Jan 18 00:21:55.752527 2023] [:notice] [pid 1545:tid 22443468848320] ModSecurity: LUA compiled version="Lua 5.3"
[Wed Jan 18 00:21:55.752528 2023] [:notice] [pid 1545:tid 22443468848320] ModSecurity: YAJL compiled version="2.1.0"
[Wed Jan 18 00:21:55.752530 2023] [:notice] [pid 1545:tid 22443468848320] ModSecurity: LIBXML compiled version="2.9.7"
[Wed Jan 18 00:21:55.752531 2023] [:notice] [pid 1545:tid 22443468848320] ModSecurity: Status engine is currently disabled, enable it by set SecStatusEngine to On.
[Wed Jan 18 00:21:55.756865 2023] [suexec:notice] [pid 1545:tid 22443468848320] AH01232: suEXEC mechanism enabled (wrapper: /usr/sbin/suexec)
[Wed Jan 18 00:21:55.879219 2023] [lsapi:notice] [pid 1620:tid 22443468848320] mod_lsapi: version 1.1-34
[Wed Jan 18 00:21:55.894628 2023] [:notice] [pid 1632:tid 22443468848320] [host 182.49.167.72.host.secureserver.net] mod_lsapi: Selfstarter 1632 started
[Wed Jan 18 00:21:55.914172 2023] [http2:info] [pid 1620:tid 22443468848320] AH03090: mod_http2 (v1.15.28, feats=CHPRIO+SHA256+INVHD+DWINS, nghttp2 1.49.0), initializing...
[Wed Jan 18 00:21:55.945977 2023] [mpm_event:notice] [pid 1620:tid 22443468848320] AH00489: Apache/2.4.54 (cPanel) OpenSSL/1.1.1k mod_bwlimited/1.4 configured -- resuming normal operations
[Wed Jan 18 00:21:55.946004 2023] [core:notice] [pid 1620:tid 22443468848320] AH00094: Command line: '/usr/sbin/httpd'
[Wed Jan 18 01:22:15.469651 2023] [proxy_fcgi:error] [pid 1696:tid 22443070560000] [client 171.6.22.57:59954] AH01071: Got error 'Primary script unknown', referer: http://www.drillcompany.com.mx/b7c2a39acb.php?zzz=Loipgdr99564
[Wed Jan 18 01:59:32.344237 2023] [proxy_fcgi:error] [pid 1697:tid 22443163723520] [client 20.163.216.202:52666] AH01071: Got error 'Primary script unknown'
[Wed Jan 18 01:59:32.433805 2023] [proxy_fcgi:error] [pid 1697:tid 22443161622272] [client 20.163.216.202:52666] AH01071: Got error 'Primary script unknown'
[Wed Jan 18 02:18:40.736268 2023] [proxy_fcgi:error] [pid 1698:tid 22443064256256] [client 20.163.216.202:45864] AH01071: Got error 'Primary script unknown'
[Wed Jan 18 02:18:40.819472 2023] [proxy_fcgi:error] [pid 1698:tid 22443062155008] [client 20.163.216.202:45864] AH01071: Got error 'Primary script unknown'
[Wed Jan 18 02:53:52.142143 2023] [cgid:error] [pid 1643:tid 22443163723520] [client 77.75.79.119:49429] AH01265: attempt to invoke directory as script: /home/plantaus/public_html/cgi-bin/
[Wed Jan 18 02:59:08.406129 2023] [ssl:error] [pid 1696:tid 22443172128512] [client 167.248.133.60:41408] AH02032: Hostname cpcontacts.drillcompany.com.mx provided via SNI and hostname 72.167.49.182 provided via HTTP have no compatible SSL setup
[Wed Jan 18 03:57:21.105005 2023] [proxy_fcgi:error] [pid 1696:tid 22443155318528] [client 194.67.91.153:42438] AH01071: Got error 'Primary script unknown', referer: http://www.drillcompany.com.mx/430fa7a6b1.php
[Wed Jan 18 06:02:26.415996 2023] [ssl:error] [pid 1698:tid 22443083167488] [client 167.248.133.44:53184] AH02032: Hostname www.drillcompany.com.mx provided via SNI and hostname 72.167.49.182 provided via HTTP have no compatible SSL setup
[Wed Jan 18 06:02:26.430647 2023] [ssl:error] [pid 1696:tid 22443159521024] [client 167.248.133.63:35002] AH02032: Hostname webmail.drillcompany.com.mx provided via SNI and hostname 72.167.49.182 provided via HTTP have no compatible SSL setup
[Wed Jan 18 06:02:26.434007 2023] [ssl:error] [pid 1696:tid 22443157419776] [client 162.142.125.210:35014] AH02032: Hostname mail.drillcompany.com.mx provided via SNI and hostname 72.167.49.182 provided via HTTP have no compatible SSL setup
[Wed Jan 18 06:02:26.444145 2023] [ssl:error] [pid 1697:tid 22443072661248] [client 167.248.133.62:55588] AH02032: Hostname drillcompany.com.mx provided via SNI and hostname 72.167.49.182 provided via HTTP have no compatible SSL setup
[Wed Jan 18 06:02:46.659347 2023] [ssl:error] [pid 1696:tid 22443062155008] [client 167.248.133.47:50446] AH02032: Hostname cpanel.drillcompany.com.mx provided via SNI and hostname 72.167.49.182 provided via HTTP have no compatible SSL setup
[Wed Jan 18 06:02:46.730593 2023] [ssl:error] [pid 1696:tid 22443163723520] [client 162.142.125.211:32982] AH02032: Hostname cpcalendars.drillcompany.com.mx provided via SNI and hostname 72.167.49.182 provided via HTTP have no compatible SSL setup
[Wed Jan 18 06:03:26.323529 2023] [ssl:error] [pid 1697:tid 22443072661248] [client 167.94.138.46:38496] AH02032: Hostname webdisk.drillcompany.com.mx provided via SNI and hostname 72.167.49.182 provided via HTTP have no compatible SSL setup
[Wed Jan 18 06:17:37.995224 2023] [mpm_event:notice] [pid 1620:tid 22443468848320] AH00491: caught SIGTERM, shutting down
[Wed Jan 18 06:17:38.042632 2023] [:notice] [pid 1632:tid 22443468848320] [host 182.49.167.72.host.secureserver.net] mod_lsapi: Selfstarter 1632 stopped
[Wed Jan 18 06:19:40.574016 2023] [:notice] [pid 1582:tid 23241773649088] ModSecurity for Apache/2.9.6 (http://www.modsecurity.org/) configured.
[Wed Jan 18 06:19:40.577420 2023] [:notice] [pid 1582:tid 23241773649088] ModSecurity: APR compiled version="1.7.0"; loaded version="1.7.0"
[Wed Jan 18 06:19:40.577435 2023] [:notice] [pid 1582:tid 23241773649088] ModSecurity: PCRE compiled version="8.42 "; loaded version="8.42 2018-03-20"
[Wed Jan 18 06:19:40.577439 2023] [:notice] [pid 1582:tid 23241773649088] ModSecurity: LUA compiled version="Lua 5.3"
[Wed Jan 18 06:19:40.577441 2023] [:notice] [pid 1582:tid 23241773649088] ModSecurity: YAJL compiled version="2.1.0"
[Wed Jan 18 06:19:40.577442 2023] [:notice] [pid 1582:tid 23241773649088] ModSecurity: LIBXML compiled version="2.9.7"
[Wed Jan 18 06:19:40.577443 2023] [:notice] [pid 1582:tid 23241773649088] ModSecurity: Status engine is currently disabled, enable it by set SecStatusEngine to On.
[Wed Jan 18 06:19:40.579817 2023] [suexec:notice] [pid 1582:tid 23241773649088] AH01232: suEXEC mechanism enabled (wrapper: /usr/sbin/suexec)
[Wed Jan 18 06:19:40.667660 2023] [lsapi:notice] [pid 1636:tid 23241773649088] mod_lsapi: version 1.1-34
[Wed Jan 18 06:19:40.679599 2023] [:notice] [pid 1646:tid 23241773649088] [host 182.49.167.72.host.secureserver.net] mod_lsapi: Selfstarter 1646 started
[Wed Jan 18 06:19:40.702874 2023] [http2:info] [pid 1636:tid 23241773649088] AH03090: mod_http2 (v1.15.28, feats=CHPRIO+SHA256+INVHD+DWINS, nghttp2 1.49.0), initializing...
[Wed Jan 18 06:19:40.727634 2023] [mpm_event:notice] [pid 1636:tid 23241773649088] AH00489: Apache/2.4.54 (cPanel) OpenSSL/1.1.1k mod_bwlimited/1.4 configured -- resuming normal operations
[Wed Jan 18 06:19:40.727661 2023] [core:notice] [pid 1636:tid 23241773649088] AH00094: Command line: '/usr/sbin/httpd'
[Wed Jan 18 06:28:27.965301 2023] [mpm_event:notice] [pid 1636:tid 23241773649088] AH00493: SIGUSR1 received. Doing graceful restart
[Wed Jan 18 06:28:28.001067 2023] [:notice] [pid 1646:tid 23241773649088] [host 182.49.167.72.host.secureserver.net] mod_lsapi: Selfstarter 1646 stopped
[Wed Jan 18 06:28:28.030494 2023] [lsapi:notice] [pid 1636:tid 23241773649088] mod_lsapi: version 1.1-34
[Wed Jan 18 06:28:28.033114 2023] [:notice] [pid 3349:tid 23241773649088] [host 182.49.167.72.host.secureserver.net] mod_lsapi: Selfstarter 3349 started
[Wed Jan 18 06:28:28.037041 2023] [http2:info] [pid 1636:tid 23241773649088] AH03090: mod_http2 (v1.15.28, feats=CHPRIO+SHA256+INVHD+DWINS, nghttp2 1.49.0), initializing...
[Wed Jan 18 06:28:28.037209 2023] [mpm_event:notice] [pid 1636:tid 23241773649088] AH00489: Apache/2.4.54 (cPanel) OpenSSL/1.1.1k mod_bwlimited/1.4 configured -- resuming normal operations
[Wed Jan 18 06:28:28.037222 2023] [core:notice] [pid 1636:tid 23241773649088] AH00094: Command line: '/usr/sbin/httpd'
[Wed Jan 18 06:30:24.342706 2023] [mpm_event:notice] [pid 1636:tid 23241773649088] AH00493: SIGUSR1 received. Doing graceful restart
[Wed Jan 18 06:30:24.360997 2023] [:notice] [pid 3349:tid 23241773649088] [host 182.49.167.72.host.secureserver.net] mod_lsapi: Selfstarter 3349 stopped
[Wed Jan 18 06:30:24.405132 2023] [lsapi:notice] [pid 1636:tid 23241773649088] mod_lsapi: version 1.1-34
[Wed Jan 18 06:30:24.409218 2023] [:notice] [pid 3778:tid 23241773649088] [host 182.49.167.72.host.secureserver.net] mod_lsapi: Selfstarter 3778 started
[Wed Jan 18 06:30:24.411535 2023] [http2:info] [pid 1636:tid 23241773649088] AH03090: mod_http2 (v1.15.28, feats=CHPRIO+SHA256+INVHD+DWINS, nghttp2 1.49.0), initializing...
[Wed Jan 18 06:30:24.411682 2023] [mpm_event:notice] [pid 1636:tid 23241773649088] AH00489: Apache/2.4.54 (cPanel) OpenSSL/1.1.1k mod_bwlimited/1.4 configured -- resuming normal operations
[Wed Jan 18 06:30:24.411691 2023] [core:notice] [pid 1636:tid 23241773649088] AH00094: Command line: '/usr/sbin/httpd'
[Wed Jan 18 07:12:29.587994 2023] [ssl:error] [pid 3784:tid 23241397606144] (70007)The timeout specified has expired: [client 128.14.134.170:36312] AH01977: failed reading line from OCSP server
[Wed Jan 18 07:12:29.588049 2023] [ssl:error] [pid 3784:tid 23241397606144] [client 128.14.134.170:36312] AH01980: bad response from OCSP server: (none)
[Wed Jan 18 07:12:29.588155 2023] [ssl:error] [pid 3784:tid 23241397606144] AH01941: stapling_renew_response: responder error
[Wed Jan 18 09:51:20.261763 2023] [proxy_fcgi:error] [pid 3781:tid 23241399707392] [client 5.128.77.57:45678] AH01071: Got error 'Primary script unknown'
[Wed Jan 18 09:51:20.767225 2023] [proxy_fcgi:error] [pid 3781:tid 23241397606144] [client 5.128.77.57:45678] AH01071: Got error 'Primary script unknown', referer: http://drillcompany.com.mx/accesson.php
[Wed Jan 18 09:51:21.198140 2023] [proxy_fcgi:error] [pid 3781:tid 23241395504896] [client 5.128.77.57:45678] AH01071: Got error 'Primary script unknown', referer: http://drillcompany.com.mx/9cd17d8274df.php
[Wed Jan 18 09:51:21.653797 2023] [proxy_fcgi:error] [pid 3781:tid 23241393403648] [client 5.128.77.57:45678] AH01071: Got error 'Primary script unknown', referer: http://drillcompany.com.mx/style.php?sig=shell519&file_name=9cd17d8274df.php&domain=46osago.ru&shell_file=accesson20
[Wed Jan 18 09:51:22.998174 2023] [proxy_fcgi:error] [pid 3781:tid 23241391302400] [client 5.128.77.57:45678] AH01071: Got error 'Primary script unknown', referer: http://drillcompany.com.mx/style.php?sig=beima&level=0&domain=46osago.ru&shell_file=accesson20&file_name=9cd17d8274df.php
[Wed Jan 18 09:51:23.347055 2023] [proxy_fcgi:error] [pid 3781:tid 23241378694912] [client 5.128.77.57:45678] AH01071: Got error 'Primary script unknown', referer: http://drillcompany.com.mx/style.php?sig=plan_task&domain=46osago.ru
[Wed Jan 18 09:51:25.702880 2023] [proxy_fcgi:error] [pid 3781:tid 23241370289920] [client 5.128.77.57:45678] AH01071: Got error 'Primary script unknown', referer: http://drillcompany.com.mx/wp-admin/9cd17d8274df.php
[Wed Jan 18 09:51:26.054907 2023] [proxy_fcgi:error] [pid 3781:tid 23241368188672] [client 5.128.77.57:45678] AH01071: Got error 'Primary script unknown', referer: http://drillcompany.com.mx/accesson.php
[Wed Jan 18 10:03:59.304776 2023] [proxy_fcgi:error] [pid 3785:tid 23241403909888] [client 5.188.86.198:47154] AH01071: Got error 'Primary script unknown'
[Wed Jan 18 16:32:34.318292 2023] [proxy_fcgi:error] [pid 3784:tid 23241380796160] [client 207.46.13.179:25344] AH01071: Got error 'Primary script unknown'
[Wed Jan 18 19:52:39.505237 2023] [proxy_fcgi:error] [pid 3781:tid 23241401808640] [client 165.227.42.86:40812] AH01071: Got error 'Primary script unknown'
[Wed Jan 18 20:22:47.337325 2023] [proxy_fcgi:error] [pid 3784:tid 23241481131776] [client 148.72.40.90:39806] AH01071: Got error 'Primary script unknown'
[Wed Jan 18 20:39:51.555161 2023] [proxy_fcgi:error] [pid 3785:tid 23241389201152] [client 43.129.212.158:55458] AH01071: Got error 'Primary script unknown'
[Wed Jan 18 20:55:17.582880 2023] [proxy_fcgi:error] [pid 3784:tid 23241393403648] [client 5.128.77.57:35406] AH01071: Got error 'Primary script unknown'
[Wed Jan 18 20:55:18.272502 2023] [proxy_fcgi:error] [pid 3784:tid 23241389201152] [client 5.128.77.57:35406] AH01071: Got error 'Primary script unknown', referer: http://drillcompany.com.mx/accesson.php
[Wed Jan 18 20:55:18.754828 2023] [proxy_fcgi:error] [pid 3784:tid 23241403909888] [client 5.128.77.57:35406] AH01071: Got error 'Primary script unknown', referer: http://drillcompany.com.mx/9cd17d8274df.php
[Wed Jan 18 20:55:19.117165 2023] [proxy_fcgi:error] [pid 3784:tid 23241384998656] [client 5.128.77.57:35406] AH01071: Got error 'Primary script unknown', referer: http://drillcompany.com.mx/style.php?sig=shell519&file_name=9cd17d8274df.php&domain=46osago.ru&shell_file=accesson20
[Wed Jan 18 20:55:19.608331 2023] [proxy_fcgi:error] [pid 3784:tid 23241397606144] [client 5.128.77.57:35406] AH01071: Got error 'Primary script unknown', referer: http://drillcompany.com.mx/style.php?sig=beima&level=0&domain=46osago.ru&shell_file=accesson20&file_name=9cd17d8274df.php
[Wed Jan 18 20:55:20.039301 2023] [proxy_fcgi:error] [pid 3784:tid 23241401808640] [client 5.128.77.57:35406] AH01071: Got error 'Primary script unknown', referer: http://drillcompany.com.mx/style.php?sig=plan_task&domain=46osago.ru
[Wed Jan 18 20:55:21.902960 2023] [proxy_fcgi:error] [pid 3784:tid 23241391302400] [client 5.128.77.57:35406] AH01071: Got error 'Primary script unknown', referer: http://drillcompany.com.mx/wp-admin/9cd17d8274df.php
[Wed Jan 18 20:55:22.831249 2023] [proxy_fcgi:error] [pid 3784:tid 23241378694912] [client 5.128.77.57:35406] AH01071: Got error 'Primary script unknown', referer: http://drillcompany.com.mx/accesson.php
[Wed Jan 18 21:43:28.823219 2023] [proxy_fcgi:error] [pid 3784:tid 23241376593664] [client 95.167.178.158:35552] AH01071: Got error 'Primary script unknown'
[Wed Jan 18 21:48:42.182378 2023] [proxy_fcgi:error] [pid 3784:tid 23241378694912] [client 159.65.51.215:48202] AH01071: Got error 'Primary script unknown'
[Wed Jan 18 21:48:42.266130 2023] [proxy_http:error] [pid 3783:tid 23241406011136] (20014)Internal error (specific information not available): [client 159.65.51.215:48250] AH01102: error reading status line from remote server 127.0.0.1:2082
[Wed Jan 18 21:48:42.266185 2023] [proxy:error] [pid 3783:tid 23241406011136] [client 159.65.51.215:48250] AH00898: Error reading from remote server returned by /___proxy_subdomain_cpanel/
[Wed Jan 18 21:48:42.284927 2023] [proxy_fcgi:error] [pid 3783:tid 23241389201152] [client 178.62.221.40:41582] AH01071: Got error 'Primary script unknown'
[Wed Jan 18 21:48:44.737448 2023] [proxy_fcgi:error] [pid 3783:tid 23241483233024] [client 159.65.51.215:46554] AH01071: Got error 'Primary script unknown'
[Thu Jan 19 02:05:55.201880 2023] [mpm_event:notice] [pid 1636:tid 23241773649088] AH00491: caught SIGTERM, shutting down
[Thu Jan 19 02:05:55.268042 2023] [:notice] [pid 3778:tid 23241773649088] [host 182.49.167.72.host.secureserver.net] mod_lsapi: Selfstarter 3778 stopped
[Thu Jan 19 02:06:41.974798 2023] [:notice] [pid 1607:tid 23285817183424] ModSecurity for Apache/2.9.6 (http://www.modsecurity.org/) configured.
[Thu Jan 19 02:06:41.982489 2023] [:notice] [pid 1607:tid 23285817183424] ModSecurity: APR compiled version="1.7.0"; loaded version="1.7.0"
[Thu Jan 19 02:06:41.982511 2023] [:notice] [pid 1607:tid 23285817183424] ModSecurity: PCRE compiled version="8.42 "; loaded version="8.42 2018-03-20"
[Thu Jan 19 02:06:41.982517 2023] [:notice] [pid 1607:tid 23285817183424] ModSecurity: LUA compiled version="Lua 5.3"
[Thu Jan 19 02:06:41.982518 2023] [:notice] [pid 1607:tid 23285817183424] ModSecurity: YAJL compiled version="2.1.0"
[Thu Jan 19 02:06:41.982520 2023] [:notice] [pid 1607:tid 23285817183424] ModSecurity: LIBXML compiled version="2.9.7"
[Thu Jan 19 02:06:41.982521 2023] [:notice] [pid 1607:tid 23285817183424] ModSecurity: Status engine is currently disabled, enable it by set SecStatusEngine to On.
[Thu Jan 19 02:06:41.984050 2023] [suexec:notice] [pid 1607:tid 23285817183424] AH01232: suEXEC mechanism enabled (wrapper: /usr/sbin/suexec)
[Thu Jan 19 02:06:42.169980 2023] [lsapi:notice] [pid 1659:tid 23285817183424] mod_lsapi: version 1.1-34
[Thu Jan 19 02:06:42.182110 2023] [:notice] [pid 1665:tid 23285817183424] [host 182.49.167.72.host.secureserver.net] mod_lsapi: Selfstarter 1665 started
[Thu Jan 19 02:06:42.258957 2023] [http2:info] [pid 1659:tid 23285817183424] AH03090: mod_http2 (v1.15.28, feats=CHPRIO+SHA256+INVHD+DWINS, nghttp2 1.49.0), initializing...
[Thu Jan 19 02:06:42.331864 2023] [mpm_event:notice] [pid 1659:tid 23285817183424] AH00489: Apache/2.4.54 (cPanel) OpenSSL/1.1.1k mod_bwlimited/1.4 configured -- resuming normal operations
[Thu Jan 19 02:06:42.331903 2023] [core:notice] [pid 1659:tid 23285817183424] AH00094: Command line: '/usr/sbin/httpd'
[Thu Jan 19 08:58:43.072708 2023] [proxy_fcgi:error] [pid 1742:tid 23285507856128] [client 5.128.77.57:33168] AH01071: Got error 'Primary script unknown'
[Thu Jan 19 08:58:43.692302 2023] [proxy_fcgi:error] [pid 1742:tid 23285503653632] [client 5.128.77.57:33168] AH01071: Got error 'Primary script unknown', referer: http://drillcompany.com.mx/accesson.php
[Thu Jan 19 08:58:44.027371 2023] [proxy_fcgi:error] [pid 1742:tid 23285520463616] [client 5.128.77.57:33168] AH01071: Got error 'Primary script unknown', referer: http://drillcompany.com.mx/9cd17d8274df.php
[Thu Jan 19 08:58:44.435197 2023] [proxy_fcgi:error] [pid 1742:tid 23285516261120] [client 5.128.77.57:33168] AH01071: Got error 'Primary script unknown', referer: http://drillcompany.com.mx/style.php?sig=shell519&file_name=9cd17d8274df.php&domain=46osago.ru&shell_file=accesson20
[Thu Jan 19 08:58:45.219050 2023] [proxy_fcgi:error] [pid 1742:tid 23285526767360] [client 5.128.77.57:33168] AH01071: Got error 'Primary script unknown', referer: http://drillcompany.com.mx/style.php?sig=beima&level=0&domain=46osago.ru&shell_file=accesson20&file_name=9cd17d8274df.php
[Thu Jan 19 08:58:45.678791 2023] [proxy_fcgi:error] [pid 1742:tid 23285433628416] [client 5.128.77.57:33168] AH01071: Got error 'Primary script unknown', referer: http://drillcompany.com.mx/style.php?sig=plan_task&domain=46osago.ru
[Thu Jan 19 08:58:48.437261 2023] [proxy_fcgi:error] [pid 1742:tid 23285514159872] [client 5.128.77.57:33168] AH01071: Got error 'Primary script unknown', referer: http://drillcompany.com.mx/wp-admin/9cd17d8274df.php
[Thu Jan 19 08:58:48.785128 2023] [proxy_fcgi:error] [pid 1742:tid 23285505754880] [client 5.128.77.57:33168] AH01071: Got error 'Primary script unknown', referer: http://drillcompany.com.mx/accesson.php
[Thu Jan 19 11:34:36.417194 2023] [proxy_fcgi:error] [pid 1736:tid 23285429425920] [client 152.32.171.6:39834] AH01071: Got error 'Primary script unknown', referer: http://www.drillcompany.com.mx/reg.php
[Thu Jan 19 11:34:38.525677 2023] [proxy_fcgi:error] [pid 1736:tid 23285503653632] [client 152.32.171.6:40212] AH01071: Got error 'Primary script unknown', referer: http://www.drillcompany.com.mx/waplogin.php
[Thu Jan 19 11:34:39.649676 2023] [proxy_fcgi:error] [pid 1742:tid 23285412615936] [client 152.32.171.6:38566] AH01071: Got error 'Primary script unknown', referer: http://www.drillcompany.com.mx/index.php/sign
[Thu Jan 19 11:34:47.525075 2023] [proxy_fcgi:error] [pid 1688:tid 23285509957376] [client 152.32.171.6:37010] AH01071: Got error 'Primary script unknown', referer: http://www.drillcompany.com.mx/index.php/User/sendsmscode
[Thu Jan 19 11:34:48.080212 2023] [proxy_fcgi:error] [pid 1736:tid 23285520463616] [client 152.32.171.6:39834] AH01071: Got error 'Primary script unknown', referer: http://www.drillcompany.com.mx/index.php/Wap/Api/getBanner
[Thu Jan 19 11:34:50.094093 2023] [proxy_fcgi:error] [pid 1736:tid 23285431527168] [client 152.32.171.6:39834] AH01071: Got error 'Primary script unknown', referer: http://www.drillcompany.com.mx/index.php/Wap/Api/getSystemNotice?id=1
[Thu Jan 19 11:34:50.184510 2023] [proxy_fcgi:error] [pid 1688:tid 23285421020928] [client 152.32.171.6:37010] AH01071: Got error 'Primary script unknown', referer: http://www.drillcompany.com.mx/index.php?m=api&c=app&a=getPlatformConfig
[Thu Jan 19 11:34:51.211329 2023] [proxy_fcgi:error] [pid 1742:tid 23285431527168] [client 152.32.171.6:39950] AH01071: Got error 'Primary script unknown', referer: http://www.drillcompany.com.mx/leftDao.php?callback=jQuery183016740860980352856_1604309800583
[Thu Jan 19 11:35:00.924114 2023] [proxy_fcgi:error] [pid 1742:tid 23285528868608] [client 152.32.171.6:37414] AH01071: Got error 'Primary script unknown', referer: https://www.drillcompany.com.mx/reg.php
[Thu Jan 19 11:35:03.239950 2023] [proxy_fcgi:error] [pid 1742:tid 23285418919680] [client 152.32.171.6:37512] AH01071: Got error 'Primary script unknown', referer: https://www.drillcompany.com.mx/waplogin.php
[Thu Jan 19 11:35:04.855083 2023] [proxy_fcgi:error] [pid 1692:tid 23285416818432] [client 152.32.171.6:37372] AH01071: Got error 'Primary script unknown', referer: https://www.drillcompany.com.mx/index.php/sign
[Thu Jan 19 11:35:13.659255 2023] [proxy_fcgi:error] [pid 1742:tid 23285524666112] [client 152.32.171.6:37414] AH01071: Got error 'Primary script unknown', referer: https://www.drillcompany.com.mx/index.php/User/sendsmscode
[Thu Jan 19 11:35:14.320164 2023] [proxy_fcgi:error] [pid 1742:tid 23285431527168] [client 152.32.171.6:37374] AH01071: Got error 'Primary script unknown', referer: https://www.drillcompany.com.mx/index.php/Wap/Api/getBanner
[Thu Jan 19 11:35:16.476514 2023] [proxy_fcgi:error] [pid 1742:tid 23285516261120] [client 152.32.171.6:37570] AH01071: Got error 'Primary script unknown', referer: https://www.drillcompany.com.mx/index.php/Wap/Api/getSystemNotice?id=1
[Thu Jan 19 11:35:16.760025 2023] [proxy_fcgi:error] [pid 1689:tid 23285512058624] [client 152.32.171.6:47908] AH01071: Got error 'Primary script unknown', referer: https://www.drillcompany.com.mx/index.php?m=api&c=app&a=getPlatformConfig
[Thu Jan 19 11:35:19.424115 2023] [proxy_fcgi:error] [pid 1692:tid 23285418919680] [client 152.32.171.6:37446] AH01071: Got error 'Primary script unknown', referer: https://www.drillcompany.com.mx/leftDao.php?callback=jQuery183016740860980352856_1604309800583
[Thu Jan 19 13:35:04.429729 2023] [ssl:error] [pid 1689:tid 23285427324672] [client 3.89.91.176:51818] AH02042: rejecting client initiated renegotiation
[Thu Jan 19 14:48:05.187020 2023] [core:error] [pid 1742:tid 23285416818432] [client 183.111.227.137:49680] AH10244: invalid URI path (/cgi-bin/%%32%65%%32%65/%%32%65%%32%65/%%32%65%%32%65/%%32%65%%32%65/%%32%65%%32%65/%%32%65%%32%65/%%32%65%%32%65/bin/sh)
[Thu Jan 19 18:56:28.740338 2023] [proxy_fcgi:error] [pid 1736:tid 23285425223424] [client 150.230.247.143:46930] AH01071: Got error 'Primary script unknown'
[Thu Jan 19 19:27:06.887754 2023] [core:error] [pid 1742:tid 23285429425920] [client 152.89.196.211:51774] AH10244: invalid URI path (/cgi-bin/.%2e/.%2e/.%2e/.%2e/bin/sh)
[Thu Jan 19 20:29:56.610709 2023] [proxy_fcgi:error] [pid 1742:tid 23285427324672] [client 4.231.227.182:55381] AH01071: Got error 'Primary script unknown'
[Thu Jan 19 20:34:16.173111 2023] [proxy_fcgi:error] [pid 1742:tid 23285425223424] [client 194.87.62.101:59884] AH01071: Got error 'Primary script unknown'
[Thu Jan 19 20:34:16.371883 2023] [proxy_fcgi:error] [pid 1742:tid 23285509957376] [client 194.87.62.101:59884] AH01071: Got error 'Primary script unknown', referer: http://drillcompany.com.mx/accesson.php
[Thu Jan 19 20:34:16.668610 2023] [proxy_fcgi:error] [pid 1742:tid 23285520463616] [client 194.87.62.101:59884] AH01071: Got error 'Primary script unknown', referer: http://drillcompany.com.mx/9cd17d8274df.php
[Thu Jan 19 20:34:16.944255 2023] [proxy_fcgi:error] [pid 1742:tid 23285528868608] [client 194.87.62.101:59884] AH01071: Got error 'Primary script unknown', referer: http://drillcompany.com.mx/style.php?sig=shell519&file_name=9cd17d8274df.php&domain=46osago.ru&shell_file=accesson20
[Thu Jan 19 20:34:17.134816 2023] [proxy_fcgi:error] [pid 1742:tid 23285427324672] [client 194.87.62.101:59884] AH01071: Got error 'Primary script unknown', referer: http://drillcompany.com.mx/style.php?sig=beima&level=0&domain=46osago.ru&shell_file=accesson20&file_name=9cd17d8274df.php
[Thu Jan 19 20:34:17.305296 2023] [proxy_fcgi:error] [pid 1742:tid 23285412615936] [client 194.87.62.101:59884] AH01071: Got error 'Primary script unknown', referer: http://drillcompany.com.mx/style.php?sig=plan_task&domain=46osago.ru
[Thu Jan 19 20:34:18.387996 2023] [proxy_fcgi:error] [pid 1742:tid 23285410514688] [client 194.87.62.101:59884] AH01071: Got error 'Primary script unknown', referer: http://drillcompany.com.mx/wp-admin/9cd17d8274df.php
[Thu Jan 19 20:34:19.290104 2023] [proxy_fcgi:error] [pid 1742:tid 23285433628416] [client 194.87.62.101:59884] AH01071: Got error 'Primary script unknown', referer: http://drillcompany.com.mx/accesson.php
[Thu Jan 19 20:51:44.380373 2023] [proxy_fcgi:error] [pid 1736:tid 23285416818432] [client 207.46.13.179:29440] AH01071: Got error 'Primary script unknown'
[Thu Jan 19 21:39:13.634278 2023] [mpm_event:notice] [pid 1659:tid 23285817183424] AH00491: caught SIGTERM, shutting down
[Thu Jan 19 21:39:13.655263 2023] [:notice] [pid 1665:tid 23285817183424] [host 182.49.167.72.host.secureserver.net] mod_lsapi: Selfstarter 1665 stopped
[Thu Jan 19 21:39:13.986703 2023] [:notice] [pid 109083:tid 23153965640896] ModSecurity for Apache/2.9.6 (http://www.modsecurity.org/) configured.
[Thu Jan 19 21:39:13.986742 2023] [:notice] [pid 109083:tid 23153965640896] ModSecurity: APR compiled version="1.7.0"; loaded version="1.7.0"
[Thu Jan 19 21:39:13.986751 2023] [:notice] [pid 109083:tid 23153965640896] ModSecurity: PCRE compiled version="8.42 "; loaded version="8.42 2018-03-20"
[Thu Jan 19 21:39:13.986756 2023] [:notice] [pid 109083:tid 23153965640896] ModSecurity: LUA compiled version="Lua 5.3"
[Thu Jan 19 21:39:13.986757 2023] [:notice] [pid 109083:tid 23153965640896] ModSecurity: YAJL compiled version="2.1.0"
[Thu Jan 19 21:39:13.986759 2023] [:notice] [pid 109083:tid 23153965640896] ModSecurity: LIBXML compiled version="2.9.7"
[Thu Jan 19 21:39:13.986760 2023] [:notice] [pid 109083:tid 23153965640896] ModSecurity: Status engine is currently disabled, enable it by set SecStatusEngine to On.
[Thu Jan 19 21:39:13.987261 2023] [suexec:notice] [pid 109083:tid 23153965640896] AH01232: suEXEC mechanism enabled (wrapper: /usr/sbin/suexec)
[Thu Jan 19 21:39:14.004221 2023] [lsapi:notice] [pid 109086:tid 23153965640896] mod_lsapi: version 1.1-34
[Thu Jan 19 21:39:14.010013 2023] [:notice] [pid 109089:tid 23153965640896] [host 182.49.167.72.host.secureserver.net] mod_lsapi: Selfstarter 109089 started
[Thu Jan 19 21:39:14.011321 2023] [http2:info] [pid 109086:tid 23153965640896] AH03090: mod_http2 (v1.15.28, feats=CHPRIO+SHA256+INVHD+DWINS, nghttp2 1.49.0), initializing...
[Thu Jan 19 21:39:14.016501 2023] [mpm_event:notice] [pid 109086:tid 23153965640896] AH00489: Apache/2.4.54 (cPanel) OpenSSL/1.1.1k mod_bwlimited/1.4 configured -- resuming normal operations
[Thu Jan 19 21:39:14.016529 2023] [core:notice] [pid 109086:tid 23153965640896] AH00094: Command line: '/usr/sbin/httpd'
[Thu Jan 19 21:39:17.278049 2023] [mpm_event:notice] [pid 109086:tid 23153965640896] AH00491: caught SIGTERM, shutting down
[Thu Jan 19 21:39:17.299569 2023] [:notice] [pid 109089:tid 23153965640896] [host 182.49.167.72.host.secureserver.net] mod_lsapi: Selfstarter 109089 stopped
[Thu Jan 19 21:39:17.888606 2023] [:notice] [pid 109569:tid 22618281307328] ModSecurity for Apache/2.9.6 (http://www.modsecurity.org/) configured.
[Thu Jan 19 21:39:17.888634 2023] [:notice] [pid 109569:tid 22618281307328] ModSecurity: APR compiled version="1.7.0"; loaded version="1.7.0"
[Thu Jan 19 21:39:17.888640 2023] [:notice] [pid 109569:tid 22618281307328] ModSecurity: PCRE compiled version="8.42 "; loaded version="8.42 2018-03-20"
[Thu Jan 19 21:39:17.888645 2023] [:notice] [pid 109569:tid 22618281307328] ModSecurity: LUA compiled version="Lua 5.3"
[Thu Jan 19 21:39:17.888647 2023] [:notice] [pid 109569:tid 22618281307328] ModSecurity: YAJL compiled version="2.1.0"
[Thu Jan 19 21:39:17.888648 2023] [:notice] [pid 109569:tid 22618281307328] ModSecurity: LIBXML compiled version="2.9.7"
[Thu Jan 19 21:39:17.888650 2023] [:notice] [pid 109569:tid 22618281307328] ModSecurity: Status engine is currently disabled, enable it by set SecStatusEngine to On.
[Thu Jan 19 21:39:17.889139 2023] [suexec:notice] [pid 109569:tid 22618281307328] AH01232: suEXEC mechanism enabled (wrapper: /usr/sbin/suexec)
